n divisor of a and g.
1
Suppose -2*q = -64 + 24. Calculate the highest common divisor of q and 80.
20
Suppose 9*y = y + 440. Let q be (-57 + 0)*(-1)/3. Suppose -4*b + 5*b = -x + 6, -q = -4*b + x. Calculate the greatest common factor of b and y.
5
Let j(a) = 2*a**3 - 7*a**2 + 6*a - 9. Let b be j(5). Calculate the greatest common factor of b and 32.
32
Suppose 0 = 5*m - 73 - 107. Calculate the greatest common divisor of 6 and m.
6
Let d = 61 + -12. What is the greatest common divisor of d and 7?
7
Let g(h) = -297*h**3 - 2*h - 2. Let k be g(-1). What is the greatest common divisor of k and 27?
27
Suppose -2*q - 4*i - 120 = -908, -3*i = -q + 369. Calculate the highest common divisor of q and 24.
24
Let v be (-301)/(-35) - (-4)/10. What is the greatest common factor of 99 and v?
9
Let c(r) = 2*r**2 - 3*r - 4. Let j be c(3). Suppose -5*l + 85 = -15. Let p = -5 + l. What is the highest common divisor of p and j?
5
Suppose -4*p + 48 = 4*x, -p + 40 = 4*p + x. What is the greatest common divisor of p and 21?
7
Let p(n) = -2*n + 11. Let h be p(-7). Calculate the highest common divisor of 10 and h.
5
Suppose 2*v - 3*b - 2 = 0, 2*v - 2 = -2*b - b. Suppose -2*y = 4*l, 0 = 5*y + 2*l - 24 + 8. What is the highest common factor of v and y?
1
Suppose 3*r = 2*r + 3. Suppose -4*y + r = -9. Suppose 6 = y*s - 6. Calculate the greatest common factor of 6 and s.
2
Let b(l) = 7*l. Let k = 16 - 10. Let r(c) = -84*c. Let f(y) = k*r(y) + 70*b(y). Let g be f(-1). Calculate the highest common factor of 21 and g.
7
Suppose 4*w + 3*t = 48, w = 4*t - 8 + 1. Suppose 2*i = 9 + w. Let k be -2*3*i/(-2). Calculate the highest common divisor of 18 and k.
9
Suppose 0 = -2*j + 10 - 0. Suppose j*h - 50 = 3*h. Suppose 0 = -4*z + h - 5. Calculate the highest common factor of 25 and z.
5
Suppose 5*q = -w + 86, -4*w + q + 256 = -q. Suppose 4*h - 34 = -4*t + 10, 43 = 3*t + 5*h. Calculate the highest common divisor of t and w.
6
Let n(h) = 6*h**2 - 3*h. Let l be n(-4). Let f(v) = -v + 2. Let u be -8 - (-2 + 0 + 4). Let j be f(u). Calculate the highest common divisor of j and l.
12
Let v(g) = -2*g + 11. Let n be v(-17). What is the highest common factor of 18 and n?
9
Let h be (4/(-1))/((-2)/(-4)). Let n = h + 9. Calculate the greatest common factor of n and 3.
1
Let k(y) = y**2 + 4*y + 11. Let r be k(8). Suppose -3*w + r = -193. Calculate the greatest common divisor of 20 and w.
20
Let l be (1 - -2)/(9/168). Suppose -2*y - 50 = -5*b + y, 0 = 3*b - 3*y - 36. What is the greatest common divisor of b and l?
7
Let a(b) = -4*b**3 - 2*b**2 - 4*b - 3. Let x(v) = v**2 + 8*v - 12. Let t be x(-9). Let h be a(t). Calculate the highest common divisor of 11 and h.
11
Suppose -4*l = 4*z - 96, l = -5*z + 7 + 5. Let o(y) = y**2 + 2*y + 3. Let x be o(-5). Calculate the highest common factor of x and l.
9
Suppose 5*z - 5*g = 245, -2*g + 213 = 5*z - 25. Suppose -5*w + 3*k = 5*k - 158, -35 = -w + 3*k. What is the highest common divisor of z and w?
16
Suppose 0 = -k + 4*o + o, 0 = 2*k + 4*o - 14. Let v be 1/k - (-52)/(-10). Let m be v/(-1) + 1/1. What is the highest common divisor of m and 30?
6
Let z = -8 - -14. Suppose -4*b + 5*r = -3*b - z, -3*r = b + 2. What is the greatest common factor of 3 and b?
1
Suppose 9*s - 5 = 4*s. Let w be 1 - s - 0/(-4). Suppose w = -x + 11 + 1. What is the greatest common factor of x and 36?
12
Let g(b) = 6*b**2 + 4*b + 1. Let v be g(3). Let n = -38 + 27. Let r = n + v. Calculate the highest common factor of 8 and r.
8
Let n be 54/(-4) - (-1)/2. Let a = n + 58. Let d = -34 - -52. Calculate the greatest common factor of a and d.
9
Let o(c) = -2*c**3 - 2*c**2 - 1. Let f be o(-2). Let z(g) = -g - 7. Let p be (-16)/12*(5 - -1). Let t be z(p). Calculate the greatest common divisor of f and t.
1
Let p(l) = -l**2 + 22. Let t(q) = -q + 5. Let k = 13 - 8. Let i be t(k). Let j be p(i). What is the highest common divisor of j and 2?
2
Suppose 0 = -q - o + 17, -3*o = 2*q + o - 40. Calculate the highest common divisor of q and 2.
2
Let d be (-46)/(-6) - 12/18. Let v = d - 4. Calculate the highest common divisor of v and 2.
1
Suppose -2*k = 3*k - 275. Let a = -18 - -29. What is the greatest common divisor of a and k?
11
Let g(i) = 10*i**2 - 3*i + 1. Let w be g(2). Let l(d) = 3*d + 2. Let m be l(4). Calculate the greatest common divisor of m and w.
7
Suppose -2*n - 19 + 75 = 0. Suppose 3*o - 16 + 1 = 0. Suppose 4 = o*a - 4*a. Calculate the greatest common divisor of a and n.
4
Let l be 2/4*((-52)/(-4) - -1). What is the greatest common divisor of l and 63?
7
Let d = -2 + 4. Suppose -d*s = s - 33. Calculate the greatest common factor of 121 and s.
11
Suppose -x - 48 = -2*x. What is the highest common factor of 12 and x?
12
Suppose -b = 13*b - 84. Calculate the highest common factor of 6 and b.
6
Let q be 24/9 + 1/3. Let w = 36 - 53. Let u = w - -44. What is the greatest common factor of u and q?
3
Let y = 4 - 1. Let g be (-1)/y - 289/(-3). Suppose -8*k = -3*k - 10, -5*p - 5*k = -70. Calculate the greatest common divisor of p and g.
12
Suppose -11*z + 60 = -39. Let w be 2 + 81 + -2 + 0. What is the highest common factor of z and w?
9
Let k be (21 - 0)/((-5)/(-20)). Calculate the highest common factor of k and 12.
12
Let n(p) = 0 - p + 3*p - 12 + 6*p. Let b be n(9). Let w(g) = g**2 + 3. Let a be w(3). What is the greatest common factor of a and b?
12
Let b be 182/8 - (-39)/(-52). Calculate the greatest common divisor of b and 154.
22
Let o = -13 - -5. Let y be (-1)/(o/20)*2. What is the highest common factor of y and 55?
5
Suppose -3*z - 4*w + 30 = -0*w, w - 9 = -z. What is the highest common factor of z and 4?
2
Suppose -8*s = -47 - 1. Calculate the greatest common factor of 3 and s.
3
Suppose 5*a - 1011 = -226. Suppose -a = -2*i + 163. What is the greatest common factor of i and 64?
32
Let t be -2 + (-4)/(-1) + -1. Let w = t - 3. Let y be -3 + (w - 367)/(-3). What is the highest common factor of y and 15?
15
Suppose -3*g - 342 = -5*o - 7*g, -6 = 3*g. Calculate the highest common factor of o and 20.
10
Suppose q = -q + 6. Suppose -q*t + 12 = -21. Suppose -4*u = -5*d - 214 - 265, 5 = 5*d. Calculate the greatest common factor of u and t.
11
Let u(f) = -f**2 + 13*f - 7. Let w be u(12). What is the greatest common factor of 25 and w?
5
Suppose -1160 = -5*z - 225. Suppose 39*y - 43*y + 68 = 0. Calculate the highest common factor of y and z.
17
Let m(j) = -j**2 + 15*j + 19. Let k be m(14). What is the highest common factor of k and 22?
11
Suppose -1071 + 3791 = 20*z. Calculate the highest common divisor of 51 and z.
17
Let n be 2/(1 - 39/40). What is the highest common divisor of n and 16?
16
Let o(z) = -z**3 + z**2 - z - 2. Let w be o(0). Let c be (0 - w - 2) + 42. Calculate the greatest common factor of c and 21.
21
Suppose -3*l + 4 + 14 = 0. What is the highest common factor of l and 30?
6
Let y be (-8)/2 - (-1 + -13). What is the greatest common factor of y and 10?
10
Suppose -4*v + 0*v = -4. Suppose -4*l + 127 = -d, 2*d - 26 + v = -l. Let y = l + -13. What is the greatest common factor of y and 2?
2
Let g = 2 - 0. Suppose 0*m + 248 = -g*m. Let o = m - -278. Calculate the greatest common divisor of 14 and o.
14
Let o be (-1)/(-1 + (-3)/(-4)). Suppose -o*i + 55 = i. Let t(p) = 3*p**2 - 3*p - 7. Let x be t(3). Calculate the greatest common factor of x and i.
11
Suppose -3*g + 27 = -0*g. Suppose 9 + 1 = z. Let p be (z/(-6) + 1)*-9. Calculate the highest common factor of p and g.
3
Suppose -g + 2*q = -113, -4*q + 3*q - 529 = -5*g. What is the greatest common factor of 42 and g?
21
Let s = -4 - -4. Let u = 3 + s. Let i = -18 - -33. What is the highest common divisor of u and i?
3
Let c be 20/9 + 4/(-18). Let i(g) = -g**3 + g. Let f be i(c). Let w(j) = -3*j + 6. Let l be w(f). What is the greatest common divisor of l and 12?
12
Let p = 255 + -111. What is the highest common factor of p and 18?
18
Let h(f) = f**2 - 4*f - 8. Let m be h(6). What is the highest common factor of 12 and m?
4
Suppose -3*n = 2*n - 165. What is the highest common factor of n and 3?
3
Let t be ((-2)/(-4))/(1/120). What is the greatest common factor of 24 and t?
12
Suppose -3*x + 1 = -134. Let t(i) = 7*i**2 - 7*i + 4. Let k be t(2). What is the highest common divisor of x and k?
9
Let i be -7 + -3 + (1 - 1). Let w = 19 + i. C